o base 12
156
11110000 (base 2) to base 8
360
Convert 100100000010 (base 2) to base 9.
3142
-41141 (base 6) to base 13
-2641
Convert 4131 (base 5) to base 16.
21d
-3fca (base 16) to base 8
-37712
Convert -6166 (base 13) to base 3.
-200102121
What is -634 (base 13) in base 5?
-13212
Convert 41000 (base 9) to base 16.
695d
What is 1104 (base 6) in base 12?
194
-1794 (base 10) to base 3
-2110110
What is -449 (base 14) in base 4?
-31101
What is 9c87 (base 13) in base 2?
101010110011000
Convert -431 (base 14) to base 16.
-33b
What is -110001110 (base 2) in base 3?
-112202
What is 27c (base 13) in base 11?
371
What is -164 (base 10) in base 11?
-13a
Convert -15126 (base 7) to base 10.
-4185
What is -6485 (base 9) in base 11?
-3651
Convert 82 (base 16) to base 14.
94
Convert 13a14 (base 11) to base 14.
7347
-26601 (base 7) to base 13
-3345
Convert -28 (base 16) to base 9.
-44
Convert 110112 (base 3) to base 16.
152
110001100 (base 2) to base 8
614
What is -101102 (base 3) in base 13?
-188
Convert -111000221 (base 3) to base 2.
-10010100011110
Convert 2362 (base 12) to base 10.
3962
Convert 932 (base 12) to base 9.
1742
Convert c37a (base 13) to base 4.
12211130
What is 230441 (base 5) in base 12?
4932
What is 4365 (base 9) in base 14?
125c
d28 (base 14) to base 4
220120
10010001010 (base 2) to base 8
2212
What is 3710 (base 9) in base 5?
42023
Convert -648 (base 14) to base 6.
-5424
What is -3e71 (base 15) in base 13?
-6124
Convert -13313 (base 10) to base 9.
-20232
What is -369 (base 14) in base 16?
-2a9
Convert 40331 (base 5) to base 6.
15555
Convert 4114133 (base 5) to base 15.
14bcd
2163 (base 9) to base 4
120330
What is -1002021121 (base 3) in base 12?
-1042a
Convert 115423 (base 6) to base 11.
7824
-8314 (base 16) to base 11
-23236
-173 (base 8) to base 10
-123
What is -1000000001011 (base 2) in base 8?
-10013
304 (base 12) to base 14
232
What is 361 (base 9) in base 13?
19c
Convert 4a62 (base 11) to base 6.
50322
244312 (base 5) to base 6
111112
Convert -66e0 (base 15) to base 5.
-1144220
18148 (base 11) to base 8
61566
Convert -1202 (base 6) to base 8.
-442
-2702 (base 8) to base 7
-4204
1650 (base 7) to base 12
480
Convert 34400 (base 6) to base 5.
124041
-5091 (base 10) to base 3
-20222120
7ed (base 15) to base 3
2110121
-4718 (base 12) to base 14
-2c72
210 (base 8) to base 14
9a
What is -524d (base 15) in base 10?
-17398
What is 10010110110 (base 2) in base 8?
2266
1011022 (base 3) to base 16
34d
-f8 (base 16) to base 15
-118
2351 (base 7) to base 13
51b
Convert -67263 (base 8) to base 10.
-28339
Convert 48b (base 12) to base 4.
22223
Convert -205312 (base 7) to base 2.
-1000101010011101
-10043 (base 6) to base 8
-2453
Convert 2002033 (base 4) to base 3.
102102201
-1322000 (base 4) to base 12
-4628
-11312 (base 6) to base 5
-23003
4053 (base 8) to base 12
1263
What is 1607 (base 12) in base 4?
220213
Convert 403 (base 10) to base 11.
337
What is -416 (base 7) in base 13?
-131
Convert -5403 (base 7) to base 9.
-2556
-8528 (base 9) to base 3
-22120222
-773 (base 10) to base 14
-3d3
Convert -ab4 (base 13) to base 11.
-1420
What is -2002020 (base 3) in base 11?
-1160
14d0 (base 15) to base 7
16014
What is -777 (base 9) in base 13?
-3a0
Convert -101 (base 10) to base 9.
-122
-20321 (base 5) to base 14
-6b6
Convert -2a48 (base 14) to base 2.
-1110101011000
What is -22312203 (base 4) in base 2?
-1010110110100011
-1cb (base 16) to base 5
-3314
Convert 111011 (base 3) to base 8.
543
111001011000 (base 2) to base 10
3672
Convert 4112 (base 5) to base 8.
1024
Convert -1133023 (base 5) to base 10.
-21013
What is -140a (base 12) in base 3?
-10011201
What is 156b0 (base 13) in base 10?
40703
Convert -20365 (base 8) to base 15.
-2777
What is -2872 (base 9) in base 5?
-32141
34830 (base 9) to base 10
23274
Convert 1002201 (base 3) to base 12.
56a
-10511 (base 9) to base 10
-6976
Convert 53320 (base 6) to base 11.
549a
-21c (base 15) to base 14
-261
157 (base 15) to base 7
616
-11700 (base 12) to base 10
-23472
362 (base 13) to base 12
40b
What is 2011030 (base 5) in base 11?
22065
Convert -7297 (base 10) to base 9.
-11007
-22e (base 15) to base 12
-352
What is 1010001110 (base 2) in base 10?
654
What is 402 (base 5) in base 8?
146
Convert 1234243 (base 6) to base 8.
202763
Convert 2ee (base 15) to base 16.
2a2
Convert -15db3 (base 14) to base 4.
-31120321
Convert -16 (base 13) to base 3.
-201
733 (base 11) to base 6
4031
What is 55 (base 7) in base 14?
2c
44 (base 15) to base 9
71
Convert 6a81 (base 12) to base 11.
8a43
Convert -104624 (base 9) to base 10.
-62473
110012 (base 3) to base 5
2304
What is -30442 (base 5) in base 12?
-11a5
10001011011 (base 2) to base 7
3152
-754c (base 15) to base 9
-37040
106 (base 11) to base 4
1333
What is 31330 (base 6) in base 16?
1086
Convert -af9 (base 16) to base 8.
-5371
What is -101240 (base 6) in base 3?
-102002120
Convert -233232 (base 4) to base 11.
-2327
Convert 132421 (base 6) to base 3.
121210211
-1002202100 (base 3) to base 14
-7c94
What is -91 (base 12) in base 11?
-9a
What is 12013 (base 5) in base 9?
1181
What is 1011010 (base 2) in base 15?
60
Convert 11311 (base 5) to base 3.
1010210
-1020221 (base 3) to base 5
-12131
Convert -1110110001 (base 2) to base 16.
-3b1
7638 (base 14) to base 8
47722
101101010011001 (base 2) to base 6
255213
What is 1201 (base 8) in base 4?
22001
Convert -334143 (base 6) to base 5.
-1400033
What is -241 (base 14) in base 3?
-121122
Convert 21222002 (base 3) to base 16.
16af
What is -2133 (base 5) in base 14?
-16d
Convert 1472 (base 9) to base 13.
680
What is 50511 (base 6) in base 13?
305b
Convert -100202102 (base 3) to base 2.
-1101111001000
What is -10101110101 (base 2) in base 9?
-1822
What is 390 (base 12) in base 14?
2a8
13102 (base 4) to base 11
394
What is 1301 (base 7) in base 4?
13223
-6224 (base 11) to base 15
-26a4
26c (base 13) to base 14
228
-601 (base 9) to base 8
-747
Convert -422c (base 13) to base 9.
-13512
Convert -246 (base 8) to base 9.
-204
10001100 (base 2) to base 6
352
-2311 (base 4) to base 9
-221
Convert 478 (base 13) to base 14.
3d5
What is -24562 (base 7) in base 5?
-201323
-2a1 (base 14) to base 16
-215
a9 (base 12) to base 16
81
Convert 3bbf (base 16) to base 6.
154451
What is 1322101 (base 4) in base 14?
2bcd
-110221 (base 3) to base 13
-20b
What is 3333 (base 5) in base 6?
2100
-3366 (base 7) to base 5
-14344
What is 4a07 (base 11) in base 8?
14615
179 (base 16) to base 6
1425
Convert 11101000010111 (base 2) to base 13.
69cc
Convert 12203 (base 6) to base 8.
3413
What is -1082 (base 9) in base 8?
-1443
Convert 1cd (base 15) to base 16.
1a2
194 (base 10) to base 5
1234
What is 190a0 (base 14) in base 12?
30730
101 (base 8) to base 2
1000001
Convert 2409 (base 11) to base 9.
4285
-100034 (base 5) to base 13
-157b
What is -9739 (base 11) in base 5?
-402433
Convert 3240 (base 5) to base 2.
110111101
What is 5614 (base 12) in base 11?
7175
Convert -1000001110111 (base 2) to base 13.
-1bc3
What is 203 (base 15) in base 11?
382
1230 (base 11) to base 3
2012111
Convert -241012 (base 7) to base 14.
-11c42
Convert 7335 (base 10) to base 5.
213320
Convert 1749 (base 10) to base 16.
6d5
Convert 1db6 (base 14) to base 6.
41124
What is 545 (base 7) in base 3?
101022
What is 6c86 (base 16) in base 12?
140b2
What is -77351 (base 8) in base 11?
-22456
What is 1535 (base 8) in base 16?
35d
Convert -1585 (base 10) to base 8.
-3061
3303 (base 11) to base 16
1107
What is 200220 (base 3) in base 8?
776
Convert -100001001111110 (base 2) to base 13.
-7995
Convert -201330 (base 4) to base 2.
-100001111100
-2222022 (base 3) to base 5
-32133
Convert 1021403 (base 6) to base 2.
1100000111001011
Convert -30210 (base 8) to base 11.
-9375
What is -35273 (base 10) in base 8?
-104711
2287 (base 16) to base 13
403c
Convert 5318 (base 14) to base 4.
3133322
73260 (base 8) to base 3
1112200100
-a0b (base 13) to base 14
-897
Convert -124b7 (base 12) to base 16.
-614b
What is 5121 (base 8) in base 11?
1a91
What is -11a (base 14) in base 2?
-11011100
Convert -1aa87 (base 13) to base 11.
-36355
Convert 1333112 (base 5) to base 9.
41373
What is 678c (base 13) in base 2?
11100010010001
What is 512 (base 10) in base 7?
1331
1d0 (base 16) to base 9
565
Convert -a4c (base 14) to base 4